{"id":62,"date":"2023-06-14T17:55:05","date_gmt":"2023-06-14T17:55:05","guid":{"rendered":"https:\/\/vinto.gob.bo\/?page_id=62"},"modified":"2023-12-11T16:20:05","modified_gmt":"2023-12-11T16:20:05","slug":"calidad","status":"publish","type":"page","link":"https:\/\/vinto.gob.bo\/?page_id=62","title":{"rendered":"Calidad"},"content":{"rendered":"\t\t<div data-elementor-type=\"wp-page\" data-elementor-id=\"62\" class=\"elementor elementor-62\">\n\t\t\t\t\t\t\t\t\t<section class=\"elementor-section elementor-top-section elementor-element elementor-element-5e29068 elementor-section-boxed elementor-section-height-default elementor-section-height-default\" data-id=\"5e29068\" data-element_type=\"section\">\n\t\t\t\t\t\t<div class=\"elementor-container elementor-column-gap-default\">\n\t\t\t\t\t<div class=\"elementor-column elementor-col-100 elementor-top-column elementor-element elementor-element-acc9f1b\" data-id=\"acc9f1b\" data-element_type=\"column\">\n\t\t\t<div class=\"elementor-widget-wrap elementor-element-populated\">\n\t\t\t\t\t\t\t\t<div class=\"elementor-element elementor-element-6daf116 elementor-invisible elementor-widget elementor-widget-heading\" data-id=\"6daf116\" data-element_type=\"widget\" data-settings=\"{&quot;_animation&quot;:&quot;fadeInLeft&quot;,&quot;_animation_mobile&quot;:&quot;fadeInLeft&quot;}\" data-widget_type=\"heading.default\">\n\t\t\t\t<div class=\"elementor-widget-container\">\n\t\t\t<style>\/*! elementor - v3.13.3 - 28-05-2023 *\/\n.elementor-heading-title{padding:0;margin:0;line-height:1}.elementor-widget-heading .elementor-heading-title[class*=elementor-size-]>a{color:inherit;font-size:inherit;line-height:inherit}.elementor-widget-heading .elementor-heading-title.elementor-size-small{font-size:15px}.elementor-widget-heading .elementor-heading-title.elementor-size-medium{font-size:19px}.elementor-widget-heading .elementor-heading-title.elementor-size-large{font-size:29px}.elementor-widget-heading .elementor-heading-title.elementor-size-xl{font-size:39px}.elementor-widget-heading .elementor-heading-title.elementor-size-xxl{font-size:59px}<\/style><h2 class=\"elementor-heading-title elementor-size-default\">CALIDAD<\/h2>\t\t<\/div>\n\t\t\t\t<\/div>\n\t\t\t\t\t<\/div>\n\t\t<\/div>\n\t\t\t\t\t\t\t<\/div>\n\t\t<\/section>\n\t\t\t\t<section class=\"elementor-section elementor-top-section elementor-element elementor-element-3e73008 elementor-section-boxed elementor-section-height-default elementor-section-height-default elementor-invisible\" data-id=\"3e73008\" data-element_type=\"section\" data-settings=\"{&quot;animation&quot;:&quot;fadeInRight&quot;}\">\n\t\t\t\t\t\t<div class=\"elementor-container elementor-column-gap-default\">\n\t\t\t\t\t<div class=\"elementor-column elementor-col-100 elementor-top-column elementor-element elementor-element-ee26c97\" data-id=\"ee26c97\" data-element_type=\"column\">\n\t\t\t<div class=\"elementor-widget-wrap elementor-element-populated\">\n\t\t\t\t\t\t\t\t<div class=\"elementor-element elementor-element-4604c6a elementor-invisible elementor-widget elementor-widget-image\" data-id=\"4604c6a\" data-element_type=\"widget\" data-settings=\"{&quot;_animation&quot;:&quot;fadeInLeft&quot;}\" data-widget_type=\"image.default\">\n\t\t\t\t<div class=\"elementor-widget-container\">\n\t\t\t<style>\/*! elementor - v3.13.3 - 28-05-2023 *\/\n.elementor-widget-image{text-align:center}.elementor-widget-image a{display:inline-block}.elementor-widget-image a img[src$=\".svg\"]{width:48px}.elementor-widget-image img{vertical-align:middle;display:inline-block}<\/style>\t\t\t\t\t\t\t\t\t\t\t\t<img decoding=\"async\" width=\"1024\" height=\"493\" src=\"https:\/\/vinto.gob.bo\/wp-content\/uploads\/2023\/06\/calidad3.jpg\" class=\"attachment-large size-large wp-image-1206\" alt=\"\" loading=\"lazy\" \/>\t\t\t\t\t\t\t\t\t\t\t\t\t\t\t<\/div>\n\t\t\t\t<\/div>\n\t\t\t\t\t<\/div>\n\t\t<\/div>\n\t\t\t\t\t\t\t<\/div>\n\t\t<\/section>\n\t\t\t\t<section class=\"elementor-section elementor-top-section elementor-element elementor-element-82d83c9 elementor-section-boxed elementor-section-height-default elementor-section-height-default elementor-invisible\" data-id=\"82d83c9\" data-element_type=\"section\" data-settings=\"{&quot;animation&quot;:&quot;fadeInRight&quot;}\">\n\t\t\t\t\t\t<div class=\"elementor-container elementor-column-gap-default\">\n\t\t\t\t\t<div class=\"elementor-column elementor-col-100 elementor-top-column elementor-element elementor-element-8580b8b\" data-id=\"8580b8b\" data-element_type=\"column\">\n\t\t\t<div class=\"elementor-widget-wrap elementor-element-populated\">\n\t\t\t\t\t\t\t\t<div class=\"elementor-element elementor-element-fd99727 elementor-invisible elementor-widget elementor-widget-text-editor\" data-id=\"fd99727\" data-element_type=\"widget\" data-settings=\"{&quot;_animation&quot;:&quot;fadeInLeft&quot;}\" data-widget_type=\"text-editor.default\">\n\t\t\t\t<div class=\"elementor-widget-container\">\n\t\t\t<style>\/*! elementor - v3.13.3 - 28-05-2023 *\/\n.elementor-widget-text-editor.elementor-drop-cap-view-stacked .elementor-drop-cap{background-color:#69727d;color:#fff}.elementor-widget-text-editor.elementor-drop-cap-view-framed .elementor-drop-cap{color:#69727d;border:3px solid;background-color:transparent}.elementor-widget-text-editor:not(.elementor-drop-cap-view-default) .elementor-drop-cap{margin-top:8px}.elementor-widget-text-editor:not(.elementor-drop-cap-view-default) .elementor-drop-cap-letter{width:1em;height:1em}.elementor-widget-text-editor .elementor-drop-cap{float:left;text-align:center;line-height:1;font-size:50px}.elementor-widget-text-editor .elementor-drop-cap-letter{display:inline-block}<\/style>\t\t\t\t<p>La calidad de nuestro producto esta\u00f1o met\u00e1lico en lingotes marca ENAF es parte de la estrategia de competitividad de la Empresa Metal\u00fargica Vinto, por lo que contamos con las siguientes certificaciones y acreditaciones:<\/p><ul><li>Certificaci\u00f3n al Producto en conformidad a los requisitos establecidos en la norma NB 1101003:2006 \u201cEsta\u00f1o Met\u00e1lico en Lingotes Clasificaci\u00f3n\u00bb.<\/li><li>Certificaci\u00f3n al Sistema de Gesti\u00f3n de la Calidad\u00a0 de la EMV\u00a0 \u201cProceso de Fundici\u00f3n\u00a0 de Concentrados\u00a0 de Esta\u00f1o aplicando Tecnolog\u00eda de Lanza Sumergida y Proceso de Refinaci\u00f3n\u00a0 de Esta\u00f1o para Producci\u00f3n y\u00a0 Comercializaci\u00f3n\u00a0 de Esta\u00f1o met\u00e1lico en lingotes Marca ENAF con calidad Grado A1\u00a0\u00a0\u00a0 en base a los requisitos de la Norma ISO 9001:2015\u201d.<\/li><li>Integramos el Programa Iniciativa\u00a0 de Minerales Responsable\u00a0 (RMI-sigla en ingl\u00e9s) desde el a\u00f1o\u00a0 2017.<\/li><\/ul><p>El sello IBNORCA para el producto esta\u00f1o met\u00e1lico en lingotes marca ENAF asegura que nuestro producto es objeto de evaluaciones y controles establecidos en el sistema de certificaci\u00f3n aplicado a la EMV y, mediante la certificaci\u00f3n demostramos que cumplimos con los requisitos de la norma t\u00e9cnica NB 1101003:2006 lo que garantiza la calidad Grado A1, superior al 99.95% de pureza de nuestro producto.<\/p><p>El Programa Iniciativa\u00a0 de Minerales Responsable\u00a0 (RMI-sigla en ingl\u00e9s) acredita la compra responsable de concentrados de esta\u00f1o por la Empresa Metal\u00fargica Vinto, verificando que nuestra cadena de suministro\u00a0\u00a0 est\u00e9 libre de trabajo infantil, explotaci\u00f3n de mujeres\u00a0 y financie actividades ilegales ( terrorismo y narcotr\u00e1fico).<\/p>\t\t\t\t\t\t<\/div>\n\t\t\t\t<\/div>\n\t\t\t\t\t<\/div>\n\t\t<\/div>\n\t\t\t\t\t\t\t<\/div>\n\t\t<\/section>\n\t\t\t\t\t\t\t<\/div>\n\t\t","protected":false},"excerpt":{"rendered":"<p>CALIDAD La calidad de nuestro producto esta\u00f1o met\u00e1lico en lingotes marca ENAF es parte de la estrategia de competitividad de la Empresa Metal\u00fargica Vinto, por lo que contamos con las siguientes certificaciones y acreditaciones: Certificaci\u00f3n al Producto en conformidad a los requisitos establecidos en la norma NB 1101003:2006 \u201cEsta\u00f1o Met\u00e1lico en Lingotes Clasificaci\u00f3n\u00bb. Certificaci\u00f3n al &hellip;<\/p>\n<p class=\"read-more\"> <a class=\"\" href=\"https:\/\/vinto.gob.bo\/?page_id=62\"> <span class=\"screen-reader-text\">Calidad<\/span> Leer m\u00e1s &raquo;<\/a><\/p>\n","protected":false},"author":1,"featured_media":0,"parent":0,"menu_order":0,"comment_status":"closed","ping_status":"closed","template":"","meta":{"_eb_attr":"","site-sidebar-layout":"no-sidebar","site-content-layout":"page-builder","ast-global-header-display":"","ast-banner-title-visibility":"","ast-main-header-display":"","ast-hfb-above-header-display":"","ast-hfb-below-header-display":"","ast-hfb-mobile-header-display":"","site-post-title":"disabled","ast-breadcrumbs-content":"","ast-featured-img":"disabled","footer-sml-layout":"","theme-transparent-header-meta":"","adv-header-id-meta":"","stick-header-meta":"","header-above-stick-meta":"","header-main-stick-meta":"","header-below-stick-meta":""},"_links":{"self":[{"href":"https:\/\/vinto.gob.bo\/index.php?rest_route=\/wp\/v2\/pages\/62"}],"collection":[{"href":"https:\/\/vinto.gob.bo\/index.php?rest_route=\/wp\/v2\/pages"}],"about":[{"href":"https:\/\/vinto.gob.bo\/index.php?rest_route=\/wp\/v2\/types\/page"}],"author":[{"embeddable":true,"href":"https:\/\/vinto.gob.bo\/index.php?rest_route=\/wp\/v2\/users\/1"}],"replies":[{"embeddable":true,"href":"https:\/\/vinto.gob.bo\/index.php?rest_route=%2Fwp%2Fv2%2Fcomments&post=62"}],"version-history":[{"count":37,"href":"https:\/\/vinto.gob.bo\/index.php?rest_route=\/wp\/v2\/pages\/62\/revisions"}],"predecessor-version":[{"id":2474,"href":"https:\/\/vinto.gob.bo\/index.php?rest_route=\/wp\/v2\/pages\/62\/revisions\/2474"}],"wp:attachment":[{"href":"https:\/\/vinto.gob.bo\/index.php?rest_route=%2Fwp%2Fv2%2Fmedia&parent=62"}],"curies":[{"name":"wp","href":"https:\/\/api.w.org\/{rel}","templated":true}]}}