{"id":49,"date":"2023-06-14T17:51:11","date_gmt":"2023-06-14T17:51:11","guid":{"rendered":"https:\/\/vinto.gob.bo\/?page_id=49"},"modified":"2025-10-17T18:57:00","modified_gmt":"2025-10-17T18:57:00","slug":"aporte-a-las-politicas-publicas","status":"publish","type":"page","link":"https:\/\/vinto.gob.bo\/?page_id=49","title":{"rendered":"Aporte a las Pol\u00edticas P\u00fablicas"},"content":{"rendered":"\t\t<div data-elementor-type=\"wp-page\" data-elementor-id=\"49\" class=\"elementor elementor-49\">\n\t\t\t\t\t\t\t\t\t<section class=\"elementor-section elementor-top-section elementor-element elementor-element-4048dee elementor-section-boxed elementor-section-height-default elementor-section-height-default elementor-invisible\" data-id=\"4048dee\" data-element_type=\"section\" data-settings=\"{&quot;animation&quot;:&quot;fadeInDown&quot;}\">\n\t\t\t\t\t\t<div class=\"elementor-container elementor-column-gap-default\">\n\t\t\t\t\t<div class=\"elementor-column elementor-col-100 elementor-top-column elementor-element elementor-element-1e887c0\" data-id=\"1e887c0\" data-element_type=\"column\">\n\t\t\t<div class=\"elementor-widget-wrap elementor-element-populated\">\n\t\t\t\t\t\t\t\t<div class=\"elementor-element elementor-element-fe5fde2 elementor-invisible elementor-widget elementor-widget-heading\" data-id=\"fe5fde2\" data-element_type=\"widget\" data-settings=\"{&quot;_animation&quot;:&quot;fadeInLeft&quot;,&quot;_animation_mobile&quot;:&quot;fadeInLeft&quot;}\" data-widget_type=\"heading.default\">\n\t\t\t\t<div class=\"elementor-widget-container\">\n\t\t\t<style>\/*! elementor - v3.13.3 - 28-05-2023 *\/\n.elementor-heading-title{padding:0;margin:0;line-height:1}.elementor-widget-heading .elementor-heading-title[class*=elementor-size-]>a{color:inherit;font-size:inherit;line-height:inherit}.elementor-widget-heading .elementor-heading-title.elementor-size-small{font-size:15px}.elementor-widget-heading .elementor-heading-title.elementor-size-medium{font-size:19px}.elementor-widget-heading .elementor-heading-title.elementor-size-large{font-size:29px}.elementor-widget-heading .elementor-heading-title.elementor-size-xl{font-size:39px}.elementor-widget-heading .elementor-heading-title.elementor-size-xxl{font-size:59px}<\/style><h2 class=\"elementor-heading-title elementor-size-default\">APORTE A LAS POL\u00cdTICAS P\u00daBLICAS<\/h2>\t\t<\/div>\n\t\t\t\t<\/div>\n\t\t\t\t\t<\/div>\n\t\t<\/div>\n\t\t\t\t\t\t\t<\/div>\n\t\t<\/section>\n\t\t\t\t<section class=\"elementor-section elementor-top-section elementor-element elementor-element-1275fb2 elementor-section-boxed elementor-section-height-default elementor-section-height-default\" data-id=\"1275fb2\" data-element_type=\"section\">\n\t\t\t\t\t\t<div class=\"elementor-container elementor-column-gap-default\">\n\t\t\t\t\t<div class=\"elementor-column elementor-col-50 elementor-top-column elementor-element elementor-element-4facc96\" data-id=\"4facc96\" data-element_type=\"column\">\n\t\t\t<div class=\"elementor-widget-wrap elementor-element-populated\">\n\t\t\t\t\t\t\t\t<div class=\"elementor-element elementor-element-27ed60a elementor-widget elementor-widget-image\" data-id=\"27ed60a\" data-element_type=\"widget\" data-widget_type=\"image.default\">\n\t\t\t\t<div class=\"elementor-widget-container\">\n\t\t\t<style>\/*! elementor - v3.13.3 - 28-05-2023 *\/\n.elementor-widget-image{text-align:center}.elementor-widget-image a{display:inline-block}.elementor-widget-image a img[src$=\".svg\"]{width:48px}.elementor-widget-image img{vertical-align:middle;display:inline-block}<\/style>\t\t\t\t\t\t\t\t\t\t\t\t<img decoding=\"async\" width=\"567\" height=\"422\" src=\"https:\/\/vinto.gob.bo\/wp-content\/uploads\/2025\/10\/jp1.png\" class=\"attachment-large size-large wp-image-3495\" alt=\"\" loading=\"lazy\" srcset=\"https:\/\/vinto.gob.bo\/wp-content\/uploads\/2025\/10\/jp1.png 567w, https:\/\/vinto.gob.bo\/wp-content\/uploads\/2025\/10\/jp1-300x223.png 300w\" sizes=\"(max-width: 567px) 100vw, 567px\" \/>\t\t\t\t\t\t\t\t\t\t\t\t\t\t\t<\/div>\n\t\t\t\t<\/div>\n\t\t\t\t\t<\/div>\n\t\t<\/div>\n\t\t\t\t<div class=\"elementor-column elementor-col-50 elementor-top-column elementor-element elementor-element-4f88c69\" data-id=\"4f88c69\" data-element_type=\"column\">\n\t\t\t<div class=\"elementor-widget-wrap elementor-element-populated\">\n\t\t\t\t\t\t\t\t<div class=\"elementor-element elementor-element-77733cf elementor-widget elementor-widget-image\" data-id=\"77733cf\" data-element_type=\"widget\" data-widget_type=\"image.default\">\n\t\t\t\t<div class=\"elementor-widget-container\">\n\t\t\t\t\t\t\t\t\t\t\t\t\t\t\t<img decoding=\"async\" width=\"567\" height=\"422\" src=\"https:\/\/vinto.gob.bo\/wp-content\/uploads\/2025\/10\/jp5.png\" class=\"attachment-large size-large wp-image-3490\" alt=\"\" loading=\"lazy\" srcset=\"https:\/\/vinto.gob.bo\/wp-content\/uploads\/2025\/10\/jp5.png 567w, https:\/\/vinto.gob.bo\/wp-content\/uploads\/2025\/10\/jp5-300x223.png 300w\" sizes=\"(max-width: 567px) 100vw, 567px\" \/>\t\t\t\t\t\t\t\t\t\t\t\t\t\t\t<\/div>\n\t\t\t\t<\/div>\n\t\t\t\t\t<\/div>\n\t\t<\/div>\n\t\t\t\t\t\t\t<\/div>\n\t\t<\/section>\n\t\t\t\t<section class=\"elementor-section elementor-top-section elementor-element elementor-element-3015c8d elementor-section-boxed elementor-section-height-default elementor-section-height-default elementor-invisible\" data-id=\"3015c8d\" data-element_type=\"section\" data-settings=\"{&quot;animation&quot;:&quot;fadeInUp&quot;}\">\n\t\t\t\t\t\t<div class=\"elementor-container elementor-column-gap-default\">\n\t\t\t\t\t<div class=\"elementor-column elementor-col-100 elementor-top-column elementor-element elementor-element-3766a90\" data-id=\"3766a90\" data-element_type=\"column\">\n\t\t\t<div class=\"elementor-widget-wrap elementor-element-populated\">\n\t\t\t\t\t\t\t\t<div class=\"elementor-element elementor-element-6a7a0f4 elementor-invisible elementor-widget elementor-widget-text-editor\" data-id=\"6a7a0f4\" data-element_type=\"widget\" data-settings=\"{&quot;_animation&quot;:&quot;fadeInLeft&quot;}\" data-widget_type=\"text-editor.default\">\n\t\t\t\t<div class=\"elementor-widget-container\">\n\t\t\t<style>\/*! elementor - v3.13.3 - 28-05-2023 *\/\n.elementor-widget-text-editor.elementor-drop-cap-view-stacked .elementor-drop-cap{background-color:#69727d;color:#fff}.elementor-widget-text-editor.elementor-drop-cap-view-framed .elementor-drop-cap{color:#69727d;border:3px solid;background-color:transparent}.elementor-widget-text-editor:not(.elementor-drop-cap-view-default) .elementor-drop-cap{margin-top:8px}.elementor-widget-text-editor:not(.elementor-drop-cap-view-default) .elementor-drop-cap-letter{width:1em;height:1em}.elementor-widget-text-editor .elementor-drop-cap{float:left;text-align:center;line-height:1;font-size:50px}.elementor-widget-text-editor .elementor-drop-cap-letter{display:inline-block}<\/style>\t\t\t\t<p>La Empresa Metal\u00fargica Vinto en su condici\u00f3n de Empresa P\u00fablica Estrat\u00e9gica, comprometida con el desarrollo nacional y las pol\u00edticas p\u00fablicas de educaci\u00f3n, aporta al pago del Bono Juancito Pinto con recursos generados por concepto de sus utilidades.&nbsp; Este aporte se viene realizando desde la gesti\u00f3n 2015<span style=\"font-style: inherit; font-weight: inherit; color: var( --e-global-color-secondary ); background-color: var(--ast-global-color-5);\">.<\/span><\/p>\n<p><span style=\"font-style: inherit; font-weight: inherit; color: var( --e-global-color-secondary ); background-color: var(--ast-global-color-5);\">El Estado Plurinacional de Bolivia como parte de sus pol\u00edticas p\u00fablicas, mediante Decreto Supremo N\u00b0 28899 del a\u00f1o 2006 instituye el pago anual del Bono Juancito Pinto con el prop\u00f3sito de \u00abIncrementar la matr\u00edcula escolar, reducir la deserci\u00f3n y disminuir la trasmisi\u00f3n inter-generacional de la pobreza\u00bb.<\/span><\/p>\t\t\t\t\t\t<\/div>\n\t\t\t\t<\/div>\n\t\t\t\t\t<\/div>\n\t\t<\/div>\n\t\t\t\t\t\t\t<\/div>\n\t\t<\/section>\n\t\t\t\t<section class=\"elementor-section elementor-top-section elementor-element elementor-element-96db39b elementor-section-boxed elementor-section-height-default elementor-section-height-default\" data-id=\"96db39b\" data-element_type=\"section\">\n\t\t\t\t\t\t<div class=\"elementor-container elementor-column-gap-default\">\n\t\t\t\t\t<div class=\"elementor-column elementor-col-50 elementor-top-column elementor-element elementor-element-735dad7\" data-id=\"735dad7\" data-element_type=\"column\">\n\t\t\t<div class=\"elementor-widget-wrap elementor-element-populated\">\n\t\t\t\t\t\t\t\t<div class=\"elementor-element elementor-element-6393133 elementor-widget__width-initial elementor-widget elementor-widget-image\" data-id=\"6393133\" data-element_type=\"widget\" data-widget_type=\"image.default\">\n\t\t\t\t<div class=\"elementor-widget-container\">\n\t\t\t\t\t\t\t\t\t\t\t\t\t\t\t<img decoding=\"async\" width=\"579\" height=\"316\" src=\"https:\/\/vinto.gob.bo\/wp-content\/uploads\/2025\/10\/jp2.png\" class=\"attachment-1536x1536 size-1536x1536 wp-image-3494\" alt=\"\" loading=\"lazy\" srcset=\"https:\/\/vinto.gob.bo\/wp-content\/uploads\/2025\/10\/jp2.png 579w, https:\/\/vinto.gob.bo\/wp-content\/uploads\/2025\/10\/jp2-300x164.png 300w\" sizes=\"(max-width: 579px) 100vw, 579px\" \/>\t\t\t\t\t\t\t\t\t\t\t\t\t\t\t<\/div>\n\t\t\t\t<\/div>\n\t\t\t\t\t<\/div>\n\t\t<\/div>\n\t\t\t\t<div class=\"elementor-column elementor-col-50 elementor-top-column elementor-element elementor-element-9e8c1f9\" data-id=\"9e8c1f9\" data-element_type=\"column\">\n\t\t\t<div class=\"elementor-widget-wrap elementor-element-populated\">\n\t\t\t\t\t\t\t\t<div class=\"elementor-element elementor-element-d065047 elementor-widget__width-initial elementor-widget elementor-widget-image\" data-id=\"d065047\" data-element_type=\"widget\" data-widget_type=\"image.default\">\n\t\t\t\t<div class=\"elementor-widget-container\">\n\t\t\t\t\t\t\t\t\t\t\t\t\t\t\t<img decoding=\"async\" width=\"567\" height=\"422\" src=\"https:\/\/vinto.gob.bo\/wp-content\/uploads\/2025\/10\/jp3.png\" class=\"attachment-medium_large size-medium_large wp-image-3493\" alt=\"\" loading=\"lazy\" srcset=\"https:\/\/vinto.gob.bo\/wp-content\/uploads\/2025\/10\/jp3.png 567w, https:\/\/vinto.gob.bo\/wp-content\/uploads\/2025\/10\/jp3-300x223.png 300w\" sizes=\"(max-width: 567px) 100vw, 567px\" \/>\t\t\t\t\t\t\t\t\t\t\t\t\t\t\t<\/div>\n\t\t\t\t<\/div>\n\t\t\t\t\t<\/div>\n\t\t<\/div>\n\t\t\t\t\t\t\t<\/div>\n\t\t<\/section>\n\t\t\t\t<section class=\"elementor-section elementor-top-section elementor-element elementor-element-9d31e38 elementor-section-boxed elementor-section-height-default elementor-section-height-default\" data-id=\"9d31e38\" data-element_type=\"section\">\n\t\t\t\t\t\t<div class=\"elementor-container elementor-column-gap-default\">\n\t\t\t\t\t<div class=\"elementor-column elementor-col-50 elementor-top-column elementor-element elementor-element-2c92556\" data-id=\"2c92556\" data-element_type=\"column\">\n\t\t\t<div class=\"elementor-widget-wrap elementor-element-populated\">\n\t\t\t\t\t\t\t\t<div class=\"elementor-element elementor-element-e5d4ec7 elementor-widget__width-initial elementor-widget elementor-widget-image\" data-id=\"e5d4ec7\" data-element_type=\"widget\" data-widget_type=\"image.default\">\n\t\t\t\t<div class=\"elementor-widget-container\">\n\t\t\t\t\t\t\t\t\t\t\t\t\t\t\t<img decoding=\"async\" width=\"535\" height=\"346\" src=\"https:\/\/vinto.gob.bo\/wp-content\/uploads\/2025\/10\/jp4.png\" class=\"attachment-large size-large wp-image-3492\" alt=\"\" loading=\"lazy\" srcset=\"https:\/\/vinto.gob.bo\/wp-content\/uploads\/2025\/10\/jp4.png 535w, https:\/\/vinto.gob.bo\/wp-content\/uploads\/2025\/10\/jp4-300x194.png 300w\" sizes=\"(max-width: 535px) 100vw, 535px\" \/>\t\t\t\t\t\t\t\t\t\t\t\t\t\t\t<\/div>\n\t\t\t\t<\/div>\n\t\t\t\t\t<\/div>\n\t\t<\/div>\n\t\t\t\t<div class=\"elementor-column elementor-col-50 elementor-top-column elementor-element elementor-element-8587a5c\" data-id=\"8587a5c\" data-element_type=\"column\">\n\t\t\t<div class=\"elementor-widget-wrap elementor-element-populated\">\n\t\t\t\t\t\t\t\t<div class=\"elementor-element elementor-element-b759b10 elementor-widget__width-initial elementor-invisible elementor-widget elementor-widget-text-editor\" data-id=\"b759b10\" data-element_type=\"widget\" data-settings=\"{&quot;_animation&quot;:&quot;fadeInLeft&quot;}\" data-widget_type=\"text-editor.default\">\n\t\t\t\t<div class=\"elementor-widget-container\">\n\t\t\t\t\t\t\t<p>El a\u00f1o 2025 mediante Decreto Supremo N\u00b0 5454 de fecha 10 de septiembre del 2025, la Empresa Metal\u00fargica Vinto destin\u00f3 Bs. 2.250.000 millones al pago del Bono Juancito Pinto.<\/p>\t\t\t\t\t\t<\/div>\n\t\t\t\t<\/div>\n\t\t\t\t\t<\/div>\n\t\t<\/div>\n\t\t\t\t\t\t\t<\/div>\n\t\t<\/section>\n\t\t\t\t\t\t\t<\/div>\n\t\t","protected":false},"excerpt":{"rendered":"<p>APORTE A LAS POL\u00cdTICAS P\u00daBLICAS La Empresa Metal\u00fargica Vinto en su condici\u00f3n de Empresa P\u00fablica Estrat\u00e9gica, comprometida con el desarrollo nacional y las pol\u00edticas p\u00fablicas de educaci\u00f3n, aporta al pago del Bono Juancito Pinto con recursos generados por concepto de sus utilidades.&nbsp; Este aporte se viene realizando desde la gesti\u00f3n 2015. El Estado Plurinacional de &hellip;<\/p>\n<p class=\"read-more\"> <a class=\"\" href=\"https:\/\/vinto.gob.bo\/?page_id=49\"> <span class=\"screen-reader-text\">Aporte a las Pol\u00edticas P\u00fablicas<\/span> Leer m\u00e1s &raquo;<\/a><\/p>\n","protected":false},"author":1,"featured_media":0,"parent":0,"menu_order":0,"comment_status":"closed","ping_status":"closed","template":"","meta":{"_eb_attr":"","site-sidebar-layout":"no-sidebar","site-content-layout":"page-builder","ast-global-header-display":"","ast-banner-title-visibility":"","ast-main-header-display":"","ast-hfb-above-header-display":"","ast-hfb-below-header-display":"","ast-hfb-mobile-header-display":"","site-post-title":"disabled","ast-breadcrumbs-content":"","ast-featured-img":"disabled","footer-sml-layout":"","theme-transparent-header-meta":"","adv-header-id-meta":"","stick-header-meta":"","header-above-stick-meta":"","header-main-stick-meta":"","header-below-stick-meta":""},"_links":{"self":[{"href":"https:\/\/vinto.gob.bo\/index.php?rest_route=\/wp\/v2\/pages\/49"}],"collection":[{"href":"https:\/\/vinto.gob.bo\/index.php?rest_route=\/wp\/v2\/pages"}],"about":[{"href":"https:\/\/vinto.gob.bo\/index.php?rest_route=\/wp\/v2\/types\/page"}],"author":[{"embeddable":true,"href":"https:\/\/vinto.gob.bo\/index.php?rest_route=\/wp\/v2\/users\/1"}],"replies":[{"embeddable":true,"href":"https:\/\/vinto.gob.bo\/index.php?rest_route=%2Fwp%2Fv2%2Fcomments&post=49"}],"version-history":[{"count":37,"href":"https:\/\/vinto.gob.bo\/index.php?rest_route=\/wp\/v2\/pages\/49\/revisions"}],"predecessor-version":[{"id":3502,"href":"https:\/\/vinto.gob.bo\/index.php?rest_route=\/wp\/v2\/pages\/49\/revisions\/3502"}],"wp:attachment":[{"href":"https:\/\/vinto.gob.bo\/index.php?rest_route=%2Fwp%2Fv2%2Fmedia&parent=49"}],"curies":[{"name":"wp","href":"https:\/\/api.w.org\/{rel}","templated":true}]}}